{"id":4648,"date":"2018-05-22T16:03:13","date_gmt":"2018-05-22T15:03:13","guid":{"rendered":"http:\/\/www.atresh.com\/?page_id=4648"},"modified":"2018-05-22T16:27:47","modified_gmt":"2018-05-22T15:27:47","slug":"servicios","status":"publish","type":"page","link":"https:\/\/www.atresh.com\/?page_id=4648","title":{"rendered":"Servicios"},"content":{"rendered":"<div class=\"services ng-scope\">\n<p>LA INMOBILIARIA OFRECE ASESORAMIENTO INTEGRAL PARA LA ADQUISICI\u00d3N Y ALQUILER DEL INMUEBLE QUE MEJOR SE ADAPTE A LAS NECESIDADES DE CADA PERSONA F\u00cdSICA O EMPRESA QUE SOLICITE SUS SERVICIOS.<\/p>\n<p>DEBIDO A LA ESPECIALIZACI\u00d3N DE CADA MIEMBRO QUE COMPONE EL GRUPO, SE BUSCA Y SE CONSIGUE DAR UN TRATO PERSONALIZADO Y PROFESIONAL, PARA QUE EL CLIENTE OBTENGA EL MEJOR INMUEBLE ADAPTADO A SUS NECESIDADES Y SE AHORRE DINERO EN LA TRAMITACI\u00d3N DE LA COMPRAVENTA DEL MISMO.<\/p>\n<p>LA EMPRESA CUENTA CON UN ARQUITECTO, UN ECONOMISTA Y ABOGADOS ESPECIALIZADOS EN LA GESTI\u00d3N INMOBILIARIA, POR LO QUE QUEDA CUBIERTO TODO EL PROCESO DE LA COMPRAVENTA Y ALQUILER DE INMUEBLES CON TODAS LAS GARANT\u00cdAS.<\/p>\n<p>ESPECIALMENTE OFRECE:<\/p>\n<ul>\n<li><strong>PERITACI\u00d3N Y VALORACI\u00d3N DEL INMUEBLE<\/strong><\/li>\n<li><strong>ASESORAMIENTO BANCARIO PARA LA B\u00daSQUEDA Y SOLICITUD DE PR\u00c9STAMO BANCARIO<\/strong><\/li>\n<li><strong>ASESORAMIENTO FISCAL Y FINANCIERO<\/strong><\/li>\n<li><strong>ASESORAMIENTO JUR\u00cdDICO<\/strong><\/li>\n<li><strong>REDACCI\u00d3N DE CONTRATO DE ALQUILER Y COMPRAVENTA<\/strong><\/li>\n<\/ul>\n<\/div>\n","protected":false},"excerpt":{"rendered":"<p>LA INMOBILIARIA OFRECE ASESORAMIENTO INTEGRAL PARA LA ADQUISICI\u00d3N Y ALQUILER DEL INMUEBLE QUE MEJOR SE ADAPTE A LAS NECESIDADES DE CADA PERSONA F\u00cdSICA O EMPRESA QUE SOLICITE SUS SERVICIOS. DEBIDO A LA ESPECIALIZACI\u00d3N DE CADA MIEMBRO QUE COMPONE EL GRUPO, SE BUSCA Y SE CONSIGUE DAR UN TRATO PERSONALIZADO Y PROFESIONAL, PARA QUE EL CLIENTE&#8230;<\/p>\n","protected":false},"author":4,"featured_media":0,"parent":0,"menu_order":0,"comment_status":"closed","ping_status":"closed","template":"","meta":{"footnotes":""},"class_list":["post-4648","page","type-page","status-publish","hentry"],"yoast_head":"<!-- This site is optimized with the Yoast SEO plugin v27.4 - https:\/\/yoast.com\/product\/yoast-seo-wordpress\/ -->\n<title>Servicios &#187; ATRESH INMOBILIARIA MOGUER<\/title>\n<meta name=\"robots\" content=\"index, follow, max-snippet:-1, max-image-preview:large, max-video-preview:-1\" \/>\n<link rel=\"canonical\" href=\"https:\/\/www.atresh.com\/?page_id=4648\" \/>\n<meta property=\"og:locale\" content=\"es_ES\" \/>\n<meta property=\"og:type\" content=\"article\" \/>\n<meta property=\"og:title\" content=\"Servicios &#187; ATRESH INMOBILIARIA MOGUER\" \/>\n<meta property=\"og:description\" content=\"LA INMOBILIARIA OFRECE ASESORAMIENTO INTEGRAL PARA LA ADQUISICI\u00d3N Y ALQUILER DEL INMUEBLE QUE MEJOR SE ADAPTE A LAS NECESIDADES DE CADA PERSONA F\u00cdSICA O EMPRESA QUE SOLICITE SUS SERVICIOS. DEBIDO A LA ESPECIALIZACI\u00d3N DE CADA MIEMBRO QUE COMPONE EL GRUPO, SE BUSCA Y SE CONSIGUE DAR UN TRATO PERSONALIZADO Y PROFESIONAL, PARA QUE EL CLIENTE...\" \/>\n<meta property=\"og:url\" content=\"https:\/\/www.atresh.com\/?page_id=4648\" \/>\n<meta property=\"og:site_name\" content=\"ATRESH INMOBILIARIA MOGUER\" \/>\n<meta property=\"article:publisher\" content=\"https:\/\/www.facebook.com\/Atresh.Inmobiliaria\/?locale=es_ES\" \/>\n<meta property=\"article:modified_time\" content=\"2018-05-22T15:27:47+00:00\" \/>\n<meta name=\"twitter:card\" content=\"summary_large_image\" \/>\n<meta name=\"twitter:label1\" content=\"Tiempo de lectura\" \/>\n\t<meta name=\"twitter:data1\" content=\"1 minuto\" \/>\n<script type=\"application\/ld+json\" class=\"yoast-schema-graph\">{\"@context\":\"https:\\\/\\\/schema.org\",\"@graph\":[{\"@type\":\"WebPage\",\"@id\":\"https:\\\/\\\/www.atresh.com\\\/?page_id=4648\",\"url\":\"https:\\\/\\\/www.atresh.com\\\/?page_id=4648\",\"name\":\"Servicios &#187; ATRESH INMOBILIARIA MOGUER\",\"isPartOf\":{\"@id\":\"https:\\\/\\\/www.atresh.com\\\/#website\"},\"datePublished\":\"2018-05-22T15:03:13+00:00\",\"dateModified\":\"2018-05-22T15:27:47+00:00\",\"breadcrumb\":{\"@id\":\"https:\\\/\\\/www.atresh.com\\\/?page_id=4648#breadcrumb\"},\"inLanguage\":\"es\",\"potentialAction\":[{\"@type\":\"ReadAction\",\"target\":[\"https:\\\/\\\/www.atresh.com\\\/?page_id=4648\"]}]},{\"@type\":\"BreadcrumbList\",\"@id\":\"https:\\\/\\\/www.atresh.com\\\/?page_id=4648#breadcrumb\",\"itemListElement\":[{\"@type\":\"ListItem\",\"position\":1,\"name\":\"Portada\",\"item\":\"https:\\\/\\\/www.atresh.com\\\/\"},{\"@type\":\"ListItem\",\"position\":2,\"name\":\"Servicios\"}]},{\"@type\":\"WebSite\",\"@id\":\"https:\\\/\\\/www.atresh.com\\\/#website\",\"url\":\"https:\\\/\\\/www.atresh.com\\\/\",\"name\":\"ATRESH INMOBILIARIA MOGUER\",\"description\":\"Portal Inmobiliario de Moguer, Huelva y provincia\",\"publisher\":{\"@id\":\"https:\\\/\\\/www.atresh.com\\\/#organization\"},\"potentialAction\":[{\"@type\":\"SearchAction\",\"target\":{\"@type\":\"EntryPoint\",\"urlTemplate\":\"https:\\\/\\\/www.atresh.com\\\/?s={search_term_string}\"},\"query-input\":{\"@type\":\"PropertyValueSpecification\",\"valueRequired\":true,\"valueName\":\"search_term_string\"}}],\"inLanguage\":\"es\"},{\"@type\":\"Organization\",\"@id\":\"https:\\\/\\\/www.atresh.com\\\/#organization\",\"name\":\"Atresh\",\"url\":\"https:\\\/\\\/www.atresh.com\\\/\",\"logo\":{\"@type\":\"ImageObject\",\"inLanguage\":\"es\",\"@id\":\"https:\\\/\\\/www.atresh.com\\\/#\\\/schema\\\/logo\\\/image\\\/\",\"url\":\"https:\\\/\\\/www.atresh.com\\\/wp-content\\\/uploads\\\/2018\\\/10\\\/logoL-2.png\",\"contentUrl\":\"https:\\\/\\\/www.atresh.com\\\/wp-content\\\/uploads\\\/2018\\\/10\\\/logoL-2.png\",\"width\":283,\"height\":283,\"caption\":\"Atresh\"},\"image\":{\"@id\":\"https:\\\/\\\/www.atresh.com\\\/#\\\/schema\\\/logo\\\/image\\\/\"},\"sameAs\":[\"https:\\\/\\\/www.facebook.com\\\/Atresh.Inmobiliaria\\\/?locale=es_ES\"]}]}<\/script>\n<!-- \/ Yoast SEO plugin. -->","yoast_head_json":{"title":"Servicios &#187; ATRESH INMOBILIARIA MOGUER","robots":{"index":"index","follow":"follow","max-snippet":"max-snippet:-1","max-image-preview":"max-image-preview:large","max-video-preview":"max-video-preview:-1"},"canonical":"https:\/\/www.atresh.com\/?page_id=4648","og_locale":"es_ES","og_type":"article","og_title":"Servicios &#187; ATRESH INMOBILIARIA MOGUER","og_description":"LA INMOBILIARIA OFRECE ASESORAMIENTO INTEGRAL PARA LA ADQUISICI\u00d3N Y ALQUILER DEL INMUEBLE QUE MEJOR SE ADAPTE A LAS NECESIDADES DE CADA PERSONA F\u00cdSICA O EMPRESA QUE SOLICITE SUS SERVICIOS. DEBIDO A LA ESPECIALIZACI\u00d3N DE CADA MIEMBRO QUE COMPONE EL GRUPO, SE BUSCA Y SE CONSIGUE DAR UN TRATO PERSONALIZADO Y PROFESIONAL, PARA QUE EL CLIENTE...","og_url":"https:\/\/www.atresh.com\/?page_id=4648","og_site_name":"ATRESH INMOBILIARIA MOGUER","article_publisher":"https:\/\/www.facebook.com\/Atresh.Inmobiliaria\/?locale=es_ES","article_modified_time":"2018-05-22T15:27:47+00:00","twitter_card":"summary_large_image","twitter_misc":{"Tiempo de lectura":"1 minuto"},"schema":{"@context":"https:\/\/schema.org","@graph":[{"@type":"WebPage","@id":"https:\/\/www.atresh.com\/?page_id=4648","url":"https:\/\/www.atresh.com\/?page_id=4648","name":"Servicios &#187; ATRESH INMOBILIARIA MOGUER","isPartOf":{"@id":"https:\/\/www.atresh.com\/#website"},"datePublished":"2018-05-22T15:03:13+00:00","dateModified":"2018-05-22T15:27:47+00:00","breadcrumb":{"@id":"https:\/\/www.atresh.com\/?page_id=4648#breadcrumb"},"inLanguage":"es","potentialAction":[{"@type":"ReadAction","target":["https:\/\/www.atresh.com\/?page_id=4648"]}]},{"@type":"BreadcrumbList","@id":"https:\/\/www.atresh.com\/?page_id=4648#breadcrumb","itemListElement":[{"@type":"ListItem","position":1,"name":"Portada","item":"https:\/\/www.atresh.com\/"},{"@type":"ListItem","position":2,"name":"Servicios"}]},{"@type":"WebSite","@id":"https:\/\/www.atresh.com\/#website","url":"https:\/\/www.atresh.com\/","name":"ATRESH INMOBILIARIA MOGUER","description":"Portal Inmobiliario de Moguer, Huelva y provincia","publisher":{"@id":"https:\/\/www.atresh.com\/#organization"},"potentialAction":[{"@type":"SearchAction","target":{"@type":"EntryPoint","urlTemplate":"https:\/\/www.atresh.com\/?s={search_term_string}"},"query-input":{"@type":"PropertyValueSpecification","valueRequired":true,"valueName":"search_term_string"}}],"inLanguage":"es"},{"@type":"Organization","@id":"https:\/\/www.atresh.com\/#organization","name":"Atresh","url":"https:\/\/www.atresh.com\/","logo":{"@type":"ImageObject","inLanguage":"es","@id":"https:\/\/www.atresh.com\/#\/schema\/logo\/image\/","url":"https:\/\/www.atresh.com\/wp-content\/uploads\/2018\/10\/logoL-2.png","contentUrl":"https:\/\/www.atresh.com\/wp-content\/uploads\/2018\/10\/logoL-2.png","width":283,"height":283,"caption":"Atresh"},"image":{"@id":"https:\/\/www.atresh.com\/#\/schema\/logo\/image\/"},"sameAs":["https:\/\/www.facebook.com\/Atresh.Inmobiliaria\/?locale=es_ES"]}]}},"jetpack_shortlink":"https:\/\/wp.me\/PalHgH-1cY","jetpack_sharing_enabled":true,"_links":{"self":[{"href":"https:\/\/www.atresh.com\/index.php?rest_route=\/wp\/v2\/pages\/4648","targetHints":{"allow":["GET"]}}],"collection":[{"href":"https:\/\/www.atresh.com\/index.php?rest_route=\/wp\/v2\/pages"}],"about":[{"href":"https:\/\/www.atresh.com\/index.php?rest_route=\/wp\/v2\/types\/page"}],"author":[{"embeddable":true,"href":"https:\/\/www.atresh.com\/index.php?rest_route=\/wp\/v2\/users\/4"}],"replies":[{"embeddable":true,"href":"https:\/\/www.atresh.com\/index.php?rest_route=%2Fwp%2Fv2%2Fcomments&post=4648"}],"version-history":[{"count":4,"href":"https:\/\/www.atresh.com\/index.php?rest_route=\/wp\/v2\/pages\/4648\/revisions"}],"predecessor-version":[{"id":4666,"href":"https:\/\/www.atresh.com\/index.php?rest_route=\/wp\/v2\/pages\/4648\/revisions\/4666"}],"wp:attachment":[{"href":"https:\/\/www.atresh.com\/index.php?rest_route=%2Fwp%2Fv2%2Fmedia&parent=4648"}],"curies":[{"name":"wp","href":"https:\/\/api.w.org\/{rel}","templated":true}]}}